(-3)/((-54)/13038)?
7
Let q(h) = -3*h**2 + 46*h - 11. Let r be q(15). Suppose a - 4*a + 1168 = 4*u, r*a + 1168 = 4*u. What is the tens digit of u?
9
Let h(j) = 11*j - 8. Let f be h(1). What is the units digit of 8354/14 - (42/(-49))/f?
7
Let s be (-1475)/250 + (-2)/20. Let x(v) = -6*v**2 - 15*v - 38. Let o(u) = -4*u**2 - 10*u - 25. Let z(d) = -8*o(d) + 5*x(d). What is the tens digit of z(s)?
5
Let g(r) = 10*r - 25. Let v be g(2). What is the hundreds digit of v - (-17)/(68/1140)?
2
Suppose -i + w + 4 = 0, 0*w = -5*i + 3*w + 18. Suppose -2*c + 3*d = 15, -3*c + d = -i*d + 21. Let r(m) = -4*m**3 + 4*m**2 - 5. What is the tens digit of r(c)?
3
Let q = 29 - 33. Let g = 43 + -46. What is the units digit of g + (-40)/(q/2)?
7
Let o be (2/(-4))/((-1715)/(-1710) + -1). Let h = o + 332. Let p = h + -70. What is the units digit of p?
1
Let y(s) = -9*s**3 + 4*s**2 - 3*s + 2. Let c = -55 - -57. Let f(p) = -26*p**3 + 13*p**2 - 10*p + 7. Let r(j) = c*f(j) - 7*y(j). What is the tens digit of r(2)?
8
Let x = 37 + -35. Let n be (1*(x + -4) + 1)*-14. Suppose 4*l - n = 78. What is the units digit of l?
3
Let l be ((-23921)/(-114))/(1/6). Suppose 193 = -2*p + l. What is the tens digit of p?
3
Let f(a) be the third derivative of -55*a**4/8 - 5*a**3/2 - 3*a**2. What is the units digit of f(-1)?
0
Let p = -103 - -83. Let a be (6 - p)*(-3)/6. Let y(l) = -l**3 - 12*l**2 + 8*l + 4. What is the tens digit of y(a)?
6
Suppose 5*k = 2*x - 6, -x + 2 = k - 1. Suppose -m - 426 = -4*c, k = -2*m - 4. What is the tens digit of c?
0
Let f(r) = 38*r**2 - r - 2. Let h be f(1). Suppose h*y - 29*y - 174 = 0. What is the units digit of y?
9
Let s(q) = 2*q**3 + 18*q**2 - q - 4. Let p be s(-9). Suppose 0 = -p*n - 2*o + 415, -3*n = n + 5*o - 315. What is the units digit of n?
5
Let z = -19 - -22. Let k(y) = 54*y**3 - 2*y**2 - 6*y + 6. Let x be k(z). What is the units digit of x/16 + 3/4?
0
Let u(d) = 4*d - 9 - 1 + 3*d**2 + 6 - d**2. Let a be u(-3). Suppose -a*r + 122 = 2*f + f, -r = -4*f - 50. What is the units digit of r?
8
Let m(g) = -10*g**2 + 5*g + 2. Let s be m(-2). Let n = 50 + s. What is the units digit of (6/n + 50)/1?
3
Suppose -d + 329 = -1856. Suppose 4*z - a = 3223, -231 = -3*z + a + d. Let w = z + -557. What is the hundreds digit of w?
2
Suppose 0 = 35*s + 22*s - 239514. What is the units digit of s?
2
Let k be 7/49 + 244/7. Let n be (((-126)/k)/(-6))/((-1)/(-10)). Suppose n*r = -135 + 489. What is the units digit of r?
9
Let r(a) = a**3 - 15*a**2 - 10*a + 38. Let b be r(18). Suppose -x + b = x + y, 5*x - 2*y = 2075. What is the units digit of x?
5
Suppose -5*y + 23*y = 54. Suppose -5*j + 1978 = x, x + 680 + 502 = y*j. What is the tens digit of j?
9
Let s(j) = 6*j**2 - 59*j - 1. Let y be s(10). Suppose 1237 + 41 = y*k. What is the tens digit of k?
4
Suppose 3*l + 3*u = 2784, -10*l = -8*l + 4*u - 1846. Suppose -c + 1511 = 2*d, 5*c = 4*d - l - 2110. What is the tens digit of d?
5
Suppose -4*j = 3*g - 33, 4*g = -3*j + 22 + 1. Suppose -3*d - 117 = -j. Let h = -30 - d. What is the units digit of h?
6
Let o(f) = -6*f + 6. Let s be o(11). What is the units digit of -1*((-8)/16)/((-1)/s)?
0
Let i(h) = -9*h**2 - 24*h - 43. Let c(z) = 5*z**2 + 12*z + 23. Let l(r) = -11*c(r) - 6*i(r). Suppose 9 = -2*a + 33. What is the units digit of l(a)?
5
Let y(j) = 39*j + 6. Let d(a) = -80*a - 12. Let w(v) = 3*d(v) + 5*y(v). Let g be (-4)/(-2)*(-2 + 0). What is the units digit of w(g)?
4
Let i = 19769 - -9586. What is the tens digit of i?
5
Suppose -2*u + 1624 = 16*g - 12*g, -5*u - 5*g = -4075. What is the tens digit of u?
1
Let l(s) = -7*s**2 - 12*s - 89. Let x(v) = 3*v**2 + 5*v + 43. Let z(n) = -4*l(n) - 9*x(n). Suppose 7*y + 34 = 5*y. What is the units digit of z(y)?
7
What is the units digit of (2 - (-290)/(-25))/((-84)/58520)?
8
Let l(u) = -2*u**3 - 15*u**2 - 10*u - 13. Let a be l(-7). Suppose 0 = -3*d - 6, -2*i - 9*d + a*d = -482. What is the tens digit of i?
4
Suppose -18*p - 32*p + 231400 = 0. Suppose -p = 3*w - 7*w - 4*o, 5800 = 5*w + 2*o. What is the units digit of w?
2
Suppose 20*t - 74886 = -22*t. Let m = -684 + t. What is the thousands digit of m?
1
Let i = -12784 - -15754. What is the tens digit of i?
7
Let q = -160 - -278. Suppose -q*x + 112*x + 3198 = 0. What is the tens digit of x?
3
Suppose -4 = 4*h + 8, -q + 24 = -2*h. Let z be (q/(-14) - -1) + (-111)/(-21). Suppose -440 = -z*t + 120. What is the units digit of t?
2
Let x = -389 - -395. Suppose 3*u + x*q - 7*q = 333, -3*u - 3*q = -333. What is the units digit of u?
1
Let d be (-4)/(-18) - (524/9 + -1). Let l = d + 68. Suppose -j + 49 = l. What is the tens digit of j?
3
What is the thousands digit of 41076/24*13/(455/60)?
2
Let z(k) = 290*k**2 - 2*k + 17. Let u be z(7). Let d = u + -8935. What is the units digit of d/84 - 2/(-12)?
3
Let k(i) be the second derivative of -21*i**5/20 - i**4/4 - i**3/6 - i**2 - 143*i. What is the units digit of k(-2)?
6
Let j = 104 + -55. Let o = j + -49. Suppose -b + 6*b - 85 = o. What is the units digit of b?
7
Let k(y) = 6*y + 10. Let p(a) = a - 1. Let d(v) = -k(v) + 3*p(v). Let g be d(-5). Suppose 6*m = g*m + 204. What is the tens digit of m?
5
Suppose -3*t = 2*k + 6400, 4*k - 681 = -t - 2801. What is the units digit of (t/20)/(12/(-80))?
2
What is the ten thousands digit of (-18)/(-4)*((-519299)/(-153) - 7)?
1
Let f(p) = 226*p - 13 + 2 + 10. Let i be f(1). Let k = i + -125. What is the hundreds digit of k?
1
Suppose 2*l + 360 = 38. Let b = 445 + l. Suppose -3*q = -h - 221, 2*q + 2*q + 4*h - b = 0. What is the tens digit of q?
7
Let y(i) = 4*i**2 - 4*i + 32. Suppose -r - m - 25 = -5*r, -35 = -4*r + 3*m. What is the units digit of y(r)?
2
Let t be (-2)/(-2)*(1 + 3). Suppose 0*m + 5*m = -h + 267, m = -h + 283. Suppose t*q + 55 = h. What is the units digit of q?
8
Let d = -461 - -465. Suppose d*q = 5*t - 539, -3*q + 1 - 111 = -t. What is the tens digit of t?
0
What is the hundreds digit of (4 - (-2 + 3))*(-22)/((-2310)/523355)?
9
Let o(w) = -w + 17. Let t be o(12). Let l(k) = -k**2 - 9*k + 12. Let c be l(-10). Suppose -c*q = t*g - 260, 4*g + 3*q - 86 = 115. What is the tens digit of g?
5
Let b be (9 - 1 - 4) + -1. What is the tens digit of (b/6 - 1)*-1294?
4
Let k = 14110 + 21829. What is the units digit of k?
9
Suppose -757840 = 100*p - 180*p. What is the tens digit of p?
7
What is the thousands digit of -6*603/(-54)*((-164)/(-4) + -4)?
2
Let h(b) be the third derivative of -1/30*b**5 - 38*b**2 - 5/2*b**3 + 3/40*b**6 + 1/8*b**4 + 0 + 0*b. What is the units digit of h(3)?
9
Suppose v = -5*n - 2*v - 4, -10 = 2*n - 3*v. Let w(s) = 127*s**2 + 2*s - 2. What is the hundreds digit of w(n)?
5
Let t(u) = -3*u + 4*u**2 - 20*u**3 + 21*u**3 - 3*u - 5. Let r be t(-5). What is the units digit of 3/3 + (3 - r)?
4
Let i(f) = 6*f**2 - 46*f - 11. Let y be i(8). Suppose 446 = 2*z + y*b, 2*b = -2*z + 397 + 43. What is the tens digit of z?
1
Suppose -45*r = 22538 + 4192. Let o = r + 771. What is the units digit of o?
7
Let y(b) = 3045*b - 2102. What is the tens digit of y(5)?
2
What is the hundreds digit of 3 - (-6533 - (-14 + 27))?
5
Let n = -38 + 43. Suppose -u - 4*w = 3*u - 92, -53 = -u + n*w. Suppose 3*i - u = i. What is the tens digit of i?
1
Suppose -s + 3*w + 12704 = -11968, -5*w - 123310 = -5*s. What is the thousands digit of s?
4
What is the hundreds digit of 16496/4 - (-8 + -1)?
1
Suppose 6*c - 18708 = 4*c - 3*h, c - 9332 = 4*h. What is the hundreds digit of c?
3
Suppose -a - 2 = 1. Let j be (-1 - -4)*(a + 4). Suppose 2*m - 465 = -j*m. What is the tens digit of m?
9
Let k(j) = -6*j + 12. Let h be (-2 + 4)/((-1)/3*-2). Let z be k(h). What is the hundreds digit of (-11)/z - (-8)/48 - -124?
1
Suppose 5*d + 1900 = -3*k, -5*d - 5*k - 1319 - 581 = 0. Let t = d + 640. What is the hundreds digit of t?
2
Let l = -569 + 573. Suppose 0 = h - l*h + 2*t + 2128, 4*h + t = 2830. What is the units digit of h?
8
Let n(k) = 36*k**2 - 9*k + 14. Suppose 0 = -4*w - 3*w + 21. What is the hundreds digit of n(w)?
3
Suppose -149*i + 2012936 = 473915. What is the hundreds digit of i?
3
What is the tens digit of 8/((-5)/(-5)) - (-78720)/6?
2
Suppose -76*l = -77*l + 8368. What is the hundreds digit of l?
3
Suppose -102*c - 77514 = 110*c - 214*c. What is the ten thousands digit of c?
3
Suppose -3*w - 3*x + 45 = 0, 4*w - 30 = -0*w + 2*